is the tens digit of c?
2
Let z(y) = 4*y**2 - 6*y - 10. Let l = -16 - -12. Let m be z(l). Suppose -o - 2*o = -m. What is the tens digit of o?
2
Suppose 0 = -2*m - 5*j - 1 + 10, m - 5*j = -3. Let s be (-8)/10*(-15)/m. Suppose h - 301 = -s*h. What is the tens digit of h?
4
Let g(f) = f**3 - 21*f**2 - 23*f + 171. What is the units digit of g(25)?
6
Suppose -5*z + 134 = -3626. What is the units digit of z?
2
Let l(o) = o**2 + 26*o - 54. Let z be l(-28). Let a be -1 - (-1 + (-9)/3). Suppose 0 = -a*m + 3*j + 15 + 9, -m - z*j = 4. What is the units digit of m?
4
Suppose 0 = 2*h - u + 39, -3*u = -5*h + 48 - 147. Let t = 67 + h. What is the tens digit of t?
4
Suppose 3*k = 4*f - 255, 5*f - 3*k + 2*k - 305 = 0. Suppose 0*a - 110 = -4*t - 3*a, 2*t - a = f. What is the tens digit of t?
2
Let x = -516 + 732. What is the tens digit of x?
1
Let k(o) = -5*o**2 + 19*o + 2. Let q(z) = -16*z**2 + 56*z + 6. Let l(w) = 17*k(w) - 6*q(w). What is the tens digit of l(-3)?
3
Suppose 724 - 244 = -4*g. What is the units digit of ((-4)/(-6))/(-4*4/g)?
5
Suppose 0 = -2*v - 254 + 4998. Suppose -v = -23*b + 1607. What is the tens digit of b?
7
Suppose -369*d + 376*d - 7735 = 0. What is the units digit of d?
5
Let p(r) = 50*r**3 + r**2 + 3*r - 3. Let i be p(2). Suppose 2*w = -c + 113, 0*c = -4*c + w + i. What is the units digit of c?
3
Suppose 11048 = 230*w - 222*w. What is the tens digit of w?
8
Suppose 11 = -5*s + 36, -2*p + 2*s = -1228. What is the tens digit of p?
1
Suppose 0 = 4*p - 3*p, 5*s + 4*p = -890. Let m = 305 + s. What is the hundreds digit of m?
1
Let k be (-17 - -23) + 0 + -1. Suppose 120 = k*f - 140. What is the tens digit of f?
5
Let z(k) = -k + 5. Let d be z(12). What is the units digit of (d - -8)/(591/(-297) + 2)?
9
Let f = 31 + -31. Suppose 4*q + q - 215 = f. What is the tens digit of q?
4
Suppose 2*z + 4*i - 1 = -z, -1 = 3*z + 2*i. Let l be (-4)/4 + z + 126. Suppose 3*g = -5*d + l, -2*d = -5*g + d + 150. What is the tens digit of g?
3
Let l = 9236 + -4970. What is the tens digit of l?
6
Suppose -2*z - 10 = 0, 1 + 2 = -r - z. Suppose 0 = k - 3*w + 3, -r*k - 3*w + 4 = 1. Suppose -3*o + 17 = 2*x, -5*x = -k*o + o - 10. What is the units digit of x?
1
Let i(k) = 7*k - 6. Let s(l) = -4*l + 3. Let r(h) = -3*i(h) - 5*s(h). Let d be r(-2). Suppose -3*f = -2*j, -2 = -d*f + 2*j + 2. What is the units digit of f?
2
Let w = 758 + 1179. What is the tens digit of w?
3
Suppose 126*o = 139*o - 28158. What is the tens digit of o?
6
Let a be 170/4 + (-2)/4. Suppose -5*w - 3*d + a = -12, 4*w - 5*d = 58. What is the units digit of w?
2
What is the units digit of 26036230/6024 + 1/(1 - 13)?
2
Suppose -o + 115 = -491. What is the units digit of o?
6
Let k(p) = -13 - 14 - 7 + 16*p + 12*p. What is the units digit of k(6)?
4
Let u(n) = -n**2 - 14*n - 20. Let y be (-4 + 3/(-2))*2. What is the tens digit of u(y)?
1
Let n be (-40)/(-60) - 34/6. Let y be 6 + -2 + (n - -30). Let b = y + -10. What is the tens digit of b?
1
Let p(v) = -3*v**3 + 1. Let x be p(-1). Let l(d) = 2*d**2 + 130*d - 199. Let w be l(-67). Suppose -x*t = -w + 13. What is the tens digit of t?
1
Suppose t - 4*c = 1503, 24*t - 1512 = 23*t + c. What is the units digit of t?
5
Suppose 0 = -5*t - 0*t - 50. Let j be 895/t + 2/(-4). What is the units digit of (j/(-4))/(-5)*-2?
9
Suppose 0 = 3*s - 4*r - 6, 3*s + 3*r + 4 = 5*s. Suppose 3*o - 4*b = s*o + 162, 3*o - 435 = -5*b. What is the hundreds digit of o?
1
Let f(b) = -b**3 + 6*b**2 + 2*b - 5. Suppose 4 = -x + 2*c, 2*x = 7*x + 3*c - 45. What is the units digit of f(x)?
7
Suppose -192*v - 21396 = -4*d - 187*v, -21412 = -4*d + v. What is the thousands digit of d?
5
Suppose 0 = 3*v - 0*p - 2*p - 2, 2*p - 10 = 0. Suppose v*x - 9*x = -3*z + 110, 4*x = z - 25. What is the units digit of z?
5
Let d = 2485 + -1462. What is the tens digit of d?
2
What is the hundreds digit of (-2)/(-24) + ((-251935)/(-60) - 10)?
1
Suppose 42*v + 5250 = 57*v. What is the units digit of v?
0
Let l(r) = -13*r**2 - 18*r + 132. Let d(u) = 6*u**2 + 9*u - 66. Let s(x) = 5*d(x) + 2*l(x). What is the hundreds digit of s(7)?
1
Let y be 69 + -2 - (2 + -2)*1. Suppose y = 9*t - 653. What is the tens digit of t?
8
Suppose 0 = -8*x - 7860 + 19420. What is the thousands digit of x?
1
Let p = 791 - 482. What is the units digit of p?
9
Let w(a) = a**3 - 6*a**2 + 28*a - 138. What is the units digit of w(10)?
2
Suppose 3*c + 665 = 2*y, -5*y + 5*c - 698 = -2373. What is the hundreds digit of y?
3
Let g(k) = 107*k - 18. Let r be g(-9). What is the units digit of (10/15)/((-6)/r)?
9
Suppose 0 = 8*r - 2448 - 2744. What is the units digit of r?
9
Let l(d) = -141*d - 10 - 3 + 11. What is the tens digit of l(-1)?
3
Suppose -6 = -14*b + 22. What is the hundreds digit of ((b + -1)*1)/(6/732)?
1
Let o(z) = z**2 - 5*z + 3. Let b be o(5). Let m(s) = -14*s**2 + 4 - 13*s**b + 14*s**3 + 10 + 16*s. What is the tens digit of m(13)?
5
What is the units digit of 7/(-147)*-5781 - 2/7?
5
Let g(b) = -b + 4. Let z = -20 - -22. Let m be g(z). Suppose 5*d + 59 = m*x - 21, 3*x + 2*d = 101. What is the units digit of x?
5
Let t = 12 - 10. Let v = 12 + t. What is the tens digit of v?
1
Suppose 0 = 3*k + 4*k - 28. Let o be 1*2/(-3)*-6. Suppose 0 = k*d - 3*c - 70, -56 + 0 = -4*d - o*c. What is the units digit of d?
6
Suppose -25 = -4*i + 3. Suppose -51 = -i*p - 16. What is the units digit of p?
5
Let a(t) be the first derivative of t**2/2 - 2. Suppose -5 + 20 = 5*s + 2*g, 2*g + 3 = s. What is the units digit of a(s)?
3
What is the hundreds digit of (-2)/(-23) - (-87239)/529?
1
What is the units digit of ((-14139)/(-12) - 15/60) + 6?
4
Let h(k) = -2*k**3 + 23*k**2 - 2*k - 22. What is the tens digit of h(11)?
7
Let x be -4 + (-3 - -265) + 4. Let a = x + 13. What is the units digit of a?
5
Let w(m) = -m**3 - 9*m**2 - 13*m - 23. Let l be w(-8). Suppose 0 = l*n - 1533 - 1493. What is the hundreds digit of n?
1
Let i be ((-2)/(-4))/(2/8). What is the tens digit of 690/3 - ((-12)/i - -4)?
3
Let n be 2/(0 - -1 - 9/6). Let i = 3 - -1. What is the units digit of i - 5 - 2 - n?
1
Let y = 1513 - 856. What is the tens digit of y?
5
Let w(x) = x. Let p be w(2). Let d = -14 - -20. Suppose p*a + 16 = d*a. What is the units digit of a?
4
Let c = 34 - 30. Suppose c*a + 1 = 3*w, 0 = a + 3*a - w - 5. Suppose a*t - t = -s + 52, 0 = 3*s. What is the tens digit of t?
5
Suppose 15 = -0*m + 3*m. Let s(w) = w**3 - 2*w**2 - 5*w + 10. What is the units digit of s(m)?
0
Suppose -20*j + 2300 = -1500. What is the tens digit of j?
9
Let l(o) = o**2 + 28*o + 39. Let a be l(-30). Let p = a + -6. What is the tens digit of p?
9
Suppose 294 = 2*n - d - 71, -3*d + 15 = 0. What is the units digit of n?
5
What is the tens digit of (-6 + (-162)/15)/(2/(-35))?
9
Let n = 475 - 273. Suppose 5*k - n = -2*a + k, -a + 136 = -5*k. What is the hundreds digit of a?
1
Let w(j) = 4*j**2 + 7*j + j**3 - 3*j**2 + 4*j**2 - 13*j - 9. What is the units digit of w(-5)?
1
What is the hundreds digit of (-3)/(-4)*201024/54?
7
Suppose -5*o = -600 - 470. Suppose -p + 3*p = o. What is the tens digit of p?
0
Suppose 0 = -i + 2*i - 2. Let a(n) = 2*n**2 - n - 2. Let k be a(i). Suppose -k*q + 152 = -8. What is the units digit of q?
0
Suppose 2*n - 41 = -31. Suppose 2*j = 3*y - 14 + 80, 4*y = -n*j + 211. What is the tens digit of j?
3
Let a = 1655 + -1577. What is the tens digit of a?
7
Suppose -3*a - 10 = 2*p, a - 4*a = -p + 13. Suppose -2*r + 33 = -5*x, 0*x - 7 = -3*r - x. Suppose -24 - p = -y - r*o, y - 20 = o. What is the units digit of y?
1
Suppose k - 124 = 5*k. Let w = 33 - k. Suppose 2*d = 6*d - w. What is the tens digit of d?
1
Suppose -6 = -4*m + 10. Let f be ((-2)/1)/(m/(-2)). What is the tens digit of (f/2)/((-3)/(-330))?
5
Let a(y) = -5*y**2 + 40*y**3 - 46*y**3 + 4*y**2 - 6*y + 14*y + 6. What is the tens digit of a(-3)?
3
Let c(b) = -11 + 2*b - 2*b - 4*b. What is the tens digit of c(-6)?
1
Suppose 2*i - 3*b - 1377 = -0*i, -4*i = -4*b - 2748. What is the tens digit of i?
8
Let b be 8/7*(-21)/(-6). What is the units digit of 10*(b + (-64)/20)?
8
Let k = 945 + -328. What is the units digit of k?
7
What is the units digit of (-77)/231*(-3389 - 1)?
0
What is the hundreds digit of (4/10)/1*9070/4?
9
Let h(l) = -l + 17. Let k be h(10). Suppose -z - 2 = -k. Suppose -z*t = -3*t - 94. What is the units di